{"id":152,"date":"2023-06-19T15:36:23","date_gmt":"2023-06-19T13:36:23","guid":{"rendered":"https:\/\/qvadom.utbm.fr\/?page_id=152"},"modified":"2023-11-21T15:58:13","modified_gmt":"2023-11-21T14:58:13","slug":"historique-2","status":"publish","type":"page","link":"https:\/\/qvadom.utbm.fr\/?page_id=152","title":{"rendered":"Historique"},"content":{"rendered":"\n<div class=\"wp-block-group alignfull has-no-underline is-layout-constrained wp-container-core-group-is-layout-19e250f3 wp-block-group-is-layout-constrained\">\n<div class=\"wp-block-group alignfull has-boulder-background-color has-background is-layout-constrained wp-container-core-group-is-layout-341efb48 wp-block-group-is-layout-constrained\" style=\"padding-top:100px;padding-right:30px;padding-bottom:100px;padding-left:30px\">\n<div class=\"wp-block-group alignwide is-layout-flow wp-container-core-group-is-layout-9e40f159 wp-block-group-is-layout-flow\" style=\"padding-bottom:30px\">\n<div class=\"wp-block-group is-content-justification-center is-nowrap is-layout-flex wp-container-core-group-is-layout-b4cbb8c1 wp-block-group-is-layout-flex\" style=\"padding-top:0px;padding-right:0px;padding-bottom:0px;padding-left:0px\">\n<div class=\"wp-block-columns are-vertically-aligned-center is-layout-flex wp-container-core-columns-is-layout-28f84493 wp-block-columns-is-layout-flex\">\n<div class=\"wp-block-column is-vertically-aligned-center is-layout-flow wp-block-column-is-layout-flow\">\n<div class=\"wp-block-group is-layout-flow wp-container-core-group-is-layout-fe0e2ea3 wp-block-group-is-layout-flow\">\n<h2 class=\"wp-block-heading has-text-align-left animated animated-fadeInUp has-background-color has-text-color has-huge-font-size\" style=\"margin-bottom:14px;line-height:1.5;text-transform:capitalize\">Contexte<mark style=\"background-color:rgba(0, 0, 0, 0)\" class=\"has-inline-color has-primary-color\"><\/mark><\/h2>\n<\/div>\n<\/div>\n<\/div>\n<\/div>\n<\/div>\n\n\n\n<div class=\"wp-block-group alignfull is-layout-constrained wp-block-group-is-layout-constrained\">\n<div class=\"wp-block-group alignwide is-vertical is-layout-flex wp-container-core-group-is-layout-fe9cc265 wp-block-group-is-layout-flex\">\n<div class=\"wp-block-columns is-layout-flex wp-container-core-columns-is-layout-28f84493 wp-block-columns-is-layout-flex\">\n<div class=\"wp-block-column is-layout-flow wp-block-column-is-layout-flow\" style=\"flex-basis:100%\">\n<p style=\"margin-top:0;margin-right:0;margin-bottom:0;margin-left:0;padding-top:0;padding-right:0;padding-bottom:0;padding-left:0;font-size:1.5rem\"><mark style=\"background-color:rgba(0, 0, 0, 0)\" class=\"has-inline-color has-background-color\">Le ph\u00e9nom\u00e8ne de vieillissement de la population, l&rsquo;essor des maladies chroniques qui en est la cons\u00e9quence directe et le risque de nouvelles crises sanitaires exigent du syst\u00e8me de sant\u00e9 une mutation n\u00e9cessaire vers une organisation avanc\u00e9e des soins et suivis m\u00e9dicaux.<\/mark><\/p>\n<\/div>\n<\/div>\n\n\n\n<p style=\"margin-top:0;margin-right:0;margin-bottom:0;margin-left:0;padding-top:0;padding-right:0;padding-bottom:0;padding-left:0;font-size:1.5rem\"><mark style=\"background-color:rgba(0, 0, 0, 0)\" class=\"has-inline-color has-background-color\">Le t\u00e9l\u00e9suivi, ou la t\u00e9l\u00e9surveillance m\u00e9dicale, s&rsquo;impose alors au professionnel m\u00e9dical quand il s&rsquo;agit de suivre et d&rsquo;interpr\u00e9ter \u00e0 distance les donn\u00e9es de sant\u00e9 d&rsquo;un patient (comme sa glyc\u00e9mie, sa fr\u00e9quence cardiaque ou l&rsquo;\u00e9volution de ses sympt\u00f4mes).<\/mark><\/p>\n\n\n\n<p style=\"margin-top:0;margin-right:0;margin-bottom:0;margin-left:0;padding-top:0;padding-right:0;padding-bottom:0;padding-left:0;font-size:1.5rem\"><mark style=\"background-color:rgba(0, 0, 0, 0)\" class=\"has-inline-color has-background-color\">Parmi les domaines manquant cruellement d&rsquo;outils de suivi \u00e0 distance adapt\u00e9s aux besoins des patients et du personnel m\u00e9dical, on retrouve l&rsquo;exercice physique \u00e0 int\u00e9r\u00eat m\u00e9dical. Reconnue par la communaut\u00e9 scientifique comme par les pouvoirs publics comme un outil th\u00e9rapeutique, l&rsquo;exercice physique est efficace pour r\u00e9duire le risque de r\u00e9cidive, la mortalit\u00e9 globale et la qualit\u00e9 de vie de patients atteints de pathologies cardiovasculaires. N\u00e9anmoins, il n&rsquo;existe \u00e0 l&rsquo;heure actuelle aucune plateforme r\u00e9pondant r\u00e9ellement aux besoins du secteur.<\/mark><\/p>\n<\/div>\n<\/div>\n<\/div>\n\n\n\n<div class=\"wp-block-group alignfull has-background-background-color has-background is-layout-constrained wp-container-core-group-is-layout-341efb48 wp-block-group-is-layout-constrained\" style=\"padding-top:100px;padding-right:30px;padding-bottom:100px;padding-left:30px\">\n<div class=\"wp-block-group alignwide is-layout-flow wp-container-core-group-is-layout-9e40f159 wp-block-group-is-layout-flow\" style=\"padding-bottom:30px\">\n<div class=\"wp-block-group is-content-justification-center is-nowrap is-layout-flex wp-container-core-group-is-layout-b4cbb8c1 wp-block-group-is-layout-flex\" style=\"padding-top:0px;padding-right:0px;padding-bottom:0px;padding-left:0px\">\n<div class=\"wp-block-columns are-vertically-aligned-center is-layout-flex wp-container-core-columns-is-layout-28f84493 wp-block-columns-is-layout-flex\">\n<div class=\"wp-block-column is-vertically-aligned-center is-layout-flow wp-block-column-is-layout-flow\">\n<div class=\"wp-block-group is-layout-flow wp-container-core-group-is-layout-fe0e2ea3 wp-block-group-is-layout-flow\">\n<h2 class=\"wp-block-heading has-text-align-left animated animated-fadeInUp has-foreground-color has-text-color has-huge-font-size\" style=\"margin-bottom:14px;line-height:1.5;text-transform:capitalize\">Objectifs<\/h2>\n<\/div>\n<\/div>\n<\/div>\n<\/div>\n<\/div>\n\n\n\n<div class=\"wp-block-group alignfull is-layout-constrained wp-block-group-is-layout-constrained\">\n<div class=\"wp-block-group alignwide is-vertical is-layout-flex wp-container-core-group-is-layout-fe9cc265 wp-block-group-is-layout-flex\">\n<div class=\"wp-block-columns is-layout-flex wp-container-core-columns-is-layout-28f84493 wp-block-columns-is-layout-flex\">\n<div class=\"wp-block-column is-layout-flow wp-block-column-is-layout-flow\" style=\"flex-basis:100%\">\n<p class=\"has-foreground-color has-text-color\" style=\"font-size:1.56rem\">Notre objectif premier \u00e9tait la cr\u00e9ation d&rsquo;une plateforme de t\u00e9l\u00e9surveillance et de suivi pr\u00e9dictif pour des patients atteints (ou \u00e0 risque) d&rsquo;une dysfonction cardiovasculaire dans le cadre de leur programme de r\u00e9adaptation en centre ou \u00e0 domicile.<\/p>\n\n\n\n<p class=\"has-foreground-color has-text-color\" style=\"font-size:1.5rem\">Cette plateforme devait permettre :<\/p>\n\n\n\n<ul class=\"wp-block-list\">\n<li style=\"font-size:1.5rem\"><mark style=\"background-color:rgba(0, 0, 0, 0)\" class=\"has-inline-color has-foreground-color\">de r\u00e9duire la charge administrative \u00e0 laquelle faisait face le personnel de l&rsquo;\u00e9tablissement g\u00e9rant ces patients, facilitant ainsi la gestion des patients et d\u00e9gageant par la m\u00eame occasion du temps de travail suppl\u00e9mentaire aux soignants<\/mark><\/li>\n\n\n\n<li style=\"font-size:1.5rem\"><mark style=\"background-color:rgba(0, 0, 0, 0)\" class=\"has-inline-color has-foreground-color\">l&rsquo;automatisation des r\u00e9coltes des donn\u00e9es des patients lors de leurs exercices, \u00e0 domicile ou en centre, via la mise en place de dispositifs technologiques intuitifs d&rsquo;utilisation, ais\u00e9ment manipulable par tout individu et non-intrusifs<\/mark><\/li>\n\n\n\n<li style=\"font-size:1.5rem\"><mark style=\"background-color:rgba(0, 0, 0, 0)\" class=\"has-inline-color has-foreground-color\">une centralisation de ces donn\u00e9es<\/mark> <mark style=\"background-color:rgba(0, 0, 0, 0)\" class=\"has-inline-color has-foreground-color\">r\u00e9colt\u00e9es afin de permettre leurs analyses ult\u00e9rieures <\/mark><\/li>\n\n\n\n<li style=\"font-size:1.5rem\"><mark style=\"background-color:rgba(0, 0, 0, 0)\" class=\"has-inline-color has-foreground-color\">une analyse automatis\u00e9e<\/mark> <mark style=\"background-color:rgba(0, 0, 0, 0)\" class=\"has-inline-color has-foreground-color\">de ces donn\u00e9es via des algorithmes de traitement de donn\u00e9es afin d&rsquo;anticiper toute d\u00e9gradation de l&rsquo;\u00e9tat d&rsquo;un patient<\/mark> <mark style=\"background-color:rgba(0, 0, 0, 0)\" class=\"has-inline-color has-foreground-color\">donn\u00e9, ceci dans le but d&rsquo;assurer un suivi pr\u00e9dictif de l&rsquo;\u00e9tat de sant\u00e9 des patients et en cas de probl\u00e8mes, d&rsquo;assurer une intervention m\u00e9dicale rapide et adapt\u00e9e au probl\u00e8me relev\u00e9<\/mark><\/li>\n<\/ul>\n\n\n\n<p class=\"has-foreground-color has-text-color\" style=\"font-size:1.56rem\">En association avec les laboratoires N.I.T. et C.I.A.D. de l&rsquo;Universit\u00e9 de Technologie de Belfort-Montb\u00e9liard, l&rsquo;entreprise Predimed Technology ainsi qu&rsquo;avec le centre de r\u00e9\u00e9ducation de Grand Besan\u00e7on M\u00e9tropole (le centre de R\u00e9adaptation Cardiologique et Pneumologique de Franche-Comt\u00e9, le CRCP, de la Fondation Arc En Ciel), la plateforme est co-construite par l&rsquo;exp\u00e9rience gr\u00e2ce \u00e0 la participation de 500 patients du CRCP et de plus d&rsquo;une dizaine de professionels de sant\u00e9, et devra disposer d&rsquo;une plateforme web et d&rsquo;une application pour smartphones et tablettes.<\/p>\n\n\n\n<p class=\"has-foreground-color has-text-color\" style=\"font-size:1.56rem\">Le CRCP, cit\u00e9 pr\u00e9c\u00e9demment, a \u00e9t\u00e9 l&rsquo;\u00e9tablissement cl\u00e9 de ce projet dans la mesure o\u00f9 c&rsquo;est lui qui nous a permis d&rsquo;impl\u00e9menter notre solution dans un r\u00e9el environnement professionnel et de pouvoir l&rsquo;am\u00e9liorer par la pratique. En effet, sp\u00e9cialis\u00e9 dans l\u2019accueil de patients atteints de certaines pathologies sp\u00e9cifiques (cardiaques, pulmonaires&#8230;), le CRCP prend en charge ces patients pour une phase de transition active entre le s\u00e9jour hospitalier et le retour \u00e0 domicile et c&rsquo;est exactement durant cette phase que le projet QVADOM devait intervenir et faire ses preuves afin d&rsquo;am\u00e9liorer grandement la qualit\u00e9 de vie des patients, les conditions d&rsquo;exercices du personnel soignant et montrer l&rsquo;importance de l&rsquo;utilisation de solutions num\u00e9riques au sein de milieux hospitaliers.<\/p>\n\n\n\n<p class=\"has-foreground-color has-text-color\" style=\"font-size:1.56rem\">L&rsquo;\u00e9quipe de soins et de r\u00e9adaptation, avec laquelle nous avons travaill\u00e9 tout au long du projet QVADOM et qui a activement particip\u00e9 aux phases de collectes de donn\u00e9es, \u00e9tait compos\u00e9e des professionnels suivants : six m\u00e9decins (deux pneumologues, deux cardiologues, un oncologue, et un endocrinologiste), cinq infirmi\u00e8res, sept professionnels de l&rsquo;activit\u00e9 physique adapt\u00e9e, trois nutritionnistes, deux psychologues, et un cadre de sant\u00e9.&nbsp;Nous tenons \u00e9galement \u00e0 souligner l&rsquo;importante participation des \u00e9quipes techniques du CRCP, bien qu&rsquo;ext\u00e9rieures \u00e0 ce projet, sans qui l&rsquo;installation de l&rsquo;application finale n&rsquo;aurait pas pu se faire tant la s\u00e9curisation de leurs syst\u00e8me informatique a \u00e9t\u00e9 complexe \u00e0 appr\u00e9hender pour les participants au projet en tant que personnel ext\u00e9rieur non autoris\u00e9 \u00e0 acc\u00e9der \u00e0 certaines documentations internes.<\/p>\n\n\n\n<p><\/p>\n\n\n\n<p><\/p>\n<\/div>\n<\/div>\n<\/div>\n<\/div>\n<\/div>\n\n\n\n<div class=\"wp-block-group alignfull has-boulder-background-color has-background is-layout-constrained wp-container-core-group-is-layout-341efb48 wp-block-group-is-layout-constrained\" style=\"padding-top:100px;padding-right:30px;padding-bottom:100px;padding-left:30px\">\n<div class=\"wp-block-group alignwide is-layout-flow wp-container-core-group-is-layout-9e40f159 wp-block-group-is-layout-flow\" style=\"padding-bottom:30px\">\n<div class=\"wp-block-group is-content-justification-center is-nowrap is-layout-flex wp-container-core-group-is-layout-b4cbb8c1 wp-block-group-is-layout-flex\" style=\"padding-top:0px;padding-right:0px;padding-bottom:0px;padding-left:0px\">\n<div class=\"wp-block-columns are-vertically-aligned-center is-layout-flex wp-container-core-columns-is-layout-28f84493 wp-block-columns-is-layout-flex\">\n<div class=\"wp-block-column is-vertically-aligned-center is-layout-flow wp-block-column-is-layout-flow\">\n<div class=\"wp-block-group is-layout-flow wp-container-core-group-is-layout-fe0e2ea3 wp-block-group-is-layout-flow\">\n<h2 class=\"wp-block-heading has-text-align-left animated animated-fadeInUp has-background-color has-text-color has-huge-font-size\" style=\"margin-bottom:14px;line-height:1.5;text-transform:capitalize\">D\u00e9roulement global<\/h2>\n<\/div>\n<\/div>\n<\/div>\n<\/div>\n<\/div>\n\n\n\n<div class=\"wp-block-group alignfull is-layout-constrained wp-block-group-is-layout-constrained\">\n<div class=\"wp-block-group alignwide is-vertical is-layout-flex wp-container-core-group-is-layout-fe9cc265 wp-block-group-is-layout-flex\">\n<div class=\"wp-block-columns is-layout-flex wp-container-core-columns-is-layout-28f84493 wp-block-columns-is-layout-flex\">\n<div class=\"wp-block-column is-layout-flow wp-block-column-is-layout-flow\" style=\"flex-basis:100%\">\n<p style=\"margin-top:0;margin-right:0;margin-bottom:0;margin-left:0;padding-top:0;padding-right:0;padding-bottom:0;padding-left:0;font-size:1.5rem\"><mark style=\"background-color:rgba(0, 0, 0, 0)\" class=\"has-inline-color has-background-color\">En partant d&rsquo;un premier travail d&rsquo;approche visant \u00e0 int\u00e9grer partiellement le projet QVADOM au sein de la structure du centre de r\u00e9\u00e9ducation de Grand Besan\u00e7on M\u00e9tropole sans perturber son fonctionnement administratif, nous sommes parvenu \u00e0 int\u00e9grer les appareils de r\u00e9coltes de donn\u00e9es et \u00e0 r\u00e9colter les d\u00eetes donn\u00e9es <\/mark>.<\/p>\n<\/div>\n<\/div>\n\n\n\n<p style=\"margin-top:0;margin-right:0;margin-bottom:0;margin-left:0;padding-top:0;padding-right:0;padding-bottom:0;padding-left:0;font-size:1.5rem\"><mark style=\"background-color:rgba(0, 0, 0, 0)\" class=\"has-inline-color has-background-color\">Elles ont ensuite pu \u00eatre r\u00e9cup\u00e9r\u00e9es par les laboratoires de l&rsquo;UTBM participant au projet afin de d\u00e9marrer les mises au point des algorithmes pr\u00e9dictifs d\u00e9velopp\u00e9s et dans le but d&rsquo;analyser les donn\u00e9es r\u00e9colt\u00e9es pour faire parvenir les premiers r\u00e9sultats aux int\u00e9ress\u00e9s.<\/mark><\/p>\n\n\n\n<p style=\"margin-top:0;margin-right:0;margin-bottom:0;margin-left:0;padding-top:0;padding-right:0;padding-bottom:0;padding-left:0;font-size:1.5rem\"><mark style=\"background-color:rgba(0, 0, 0, 0)\" class=\"has-inline-color has-background-color\">Durant cette phase de d\u00e9veloppement, les premiers mod\u00e8les de documents administratifs num\u00e9ris\u00e9s ont \u00e9galement pu voir le jour et \u00eatre soumis \u00e0 approbation par le centre partenaire afin d&rsquo;assurer une transition num\u00e9rique aussi fluide que possible.<\/mark><\/p>\n<\/div>\n<\/div>\n\n\n\n<figure class=\"wp-block-image alignwide size-large is-style-default\"><img fetchpriority=\"high\" decoding=\"async\" width=\"1024\" height=\"471\" src=\"https:\/\/qvadom.utbm.fr\/wp-content\/uploads\/2023\/06\/FONCT_QVADOM-1024x471.png\" alt=\"\" class=\"wp-image-166\" srcset=\"https:\/\/qvadom.utbm.fr\/wp-content\/uploads\/2023\/06\/FONCT_QVADOM-1024x471.png 1024w, https:\/\/qvadom.utbm.fr\/wp-content\/uploads\/2023\/06\/FONCT_QVADOM-300x138.png 300w, https:\/\/qvadom.utbm.fr\/wp-content\/uploads\/2023\/06\/FONCT_QVADOM-768x353.png 768w, https:\/\/qvadom.utbm.fr\/wp-content\/uploads\/2023\/06\/FONCT_QVADOM.png 1411w\" sizes=\"(max-width: 1024px) 100vw, 1024px\" \/><\/figure>\n\n\n\n<div class=\"wp-block-group alignfull is-layout-constrained wp-block-group-is-layout-constrained\">\n<div class=\"wp-block-group alignwide is-vertical is-layout-flex wp-container-core-group-is-layout-fe9cc265 wp-block-group-is-layout-flex\">\n<div class=\"wp-block-columns is-layout-flex wp-container-core-columns-is-layout-28f84493 wp-block-columns-is-layout-flex\">\n<div class=\"wp-block-column is-layout-flow wp-block-column-is-layout-flow\" style=\"flex-basis:100%\">\n<p style=\"margin-top:0;margin-right:0;margin-bottom:0;margin-left:0;padding-top:0;padding-right:0;padding-bottom:0;padding-left:0;font-size:1.5rem\"><mark style=\"background-color:rgba(0, 0, 0, 0)\" class=\"has-inline-color has-background-color\">Pour finir, l&rsquo;automatisation de la r\u00e9colte des donn\u00e9es avec analyses de celles-ci et la num\u00e9risation totale du fonctionnement administratif du centre ont pu \u00eatre r\u00e9alis\u00e9es sans trop d&rsquo;encombres, et le sch\u00e9ma ci-dessous explicite le fonctionnement (partiel) actuel du centre gr\u00e2ce \u00e0 l&rsquo;int\u00e9gration du projet QVADOM en son sein.<\/mark><\/p>\n<\/div>\n<\/div>\n<\/div>\n<\/div>\n\n\n\n<figure class=\"wp-block-image alignwide size-large is-style-default\"><img decoding=\"async\" width=\"1024\" height=\"469\" src=\"https:\/\/qvadom.utbm.fr\/wp-content\/uploads\/2023\/06\/FONCT_QVADOM_2-1024x469.png\" alt=\"\" class=\"wp-image-168\" srcset=\"https:\/\/qvadom.utbm.fr\/wp-content\/uploads\/2023\/06\/FONCT_QVADOM_2-1024x469.png 1024w, https:\/\/qvadom.utbm.fr\/wp-content\/uploads\/2023\/06\/FONCT_QVADOM_2-300x138.png 300w, https:\/\/qvadom.utbm.fr\/wp-content\/uploads\/2023\/06\/FONCT_QVADOM_2-768x352.png 768w, https:\/\/qvadom.utbm.fr\/wp-content\/uploads\/2023\/06\/FONCT_QVADOM_2-1536x704.png 1536w, https:\/\/qvadom.utbm.fr\/wp-content\/uploads\/2023\/06\/FONCT_QVADOM_2.png 1590w\" sizes=\"(max-width: 1024px) 100vw, 1024px\" \/><\/figure>\n<\/div>\n<\/div>\n\n\n\n<p> <\/p>\n\n\n\n<p><mark style=\"background-color:rgba(0, 0, 0, 0)\" class=\"has-inline-color has-background-color\">e<\/mark><\/p>\n","protected":false},"excerpt":{"rendered":"<p>Contexte Le ph\u00e9nom\u00e8ne de vieillissement de la population, l&rsquo;essor des maladies chroniques qui en est [&hellip;]<\/p>\n","protected":false},"author":4,"featured_media":0,"parent":0,"menu_order":0,"comment_status":"closed","ping_status":"closed","template":"page-no-title","meta":{"footnotes":""},"class_list":["post-152","page","type-page","status-publish","hentry"],"_links":{"self":[{"href":"https:\/\/qvadom.utbm.fr\/index.php?rest_route=\/wp\/v2\/pages\/152","targetHints":{"allow":["GET"]}}],"collection":[{"href":"https:\/\/qvadom.utbm.fr\/index.php?rest_route=\/wp\/v2\/pages"}],"about":[{"href":"https:\/\/qvadom.utbm.fr\/index.php?rest_route=\/wp\/v2\/types\/page"}],"author":[{"embeddable":true,"href":"https:\/\/qvadom.utbm.fr\/index.php?rest_route=\/wp\/v2\/users\/4"}],"replies":[{"embeddable":true,"href":"https:\/\/qvadom.utbm.fr\/index.php?rest_route=%2Fwp%2Fv2%2Fcomments&post=152"}],"version-history":[{"count":20,"href":"https:\/\/qvadom.utbm.fr\/index.php?rest_route=\/wp\/v2\/pages\/152\/revisions"}],"predecessor-version":[{"id":234,"href":"https:\/\/qvadom.utbm.fr\/index.php?rest_route=\/wp\/v2\/pages\/152\/revisions\/234"}],"wp:attachment":[{"href":"https:\/\/qvadom.utbm.fr\/index.php?rest_route=%2Fwp%2Fv2%2Fmedia&parent=152"}],"curies":[{"name":"wp","href":"https:\/\/api.w.org\/{rel}","templated":true}]}}